177451 composite?
True
Is 481801 prime?
True
Is 5020711 a prime number?
True
Is 23660743 a composite number?
False
Is 4238635 a composite number?
True
Is 82424921 a composite number?
True
Is 506571727 prime?
True
Is 10798243 a composite number?
False
Is 2609719 prime?
False
Is 7693291 composite?
False
Is 11494915 a composite number?
True
Is 4671893 prime?
True
Is 27501413 a composite number?
False
Is 199513169 prime?
False
Is 67665922 a prime number?
False
Is 1697581 prime?
True
Is 5173397 a composite number?
True
Is 3294791 a composite number?
False
Is 15213119 composite?
False
Is 6346111 a prime number?
True
Is 1054423 a prime number?
True
Is 15110819 a prime number?
False
Is 1827619 composite?
True
Is 51065953 composite?
True
Is 14668189 composite?
True
Is 15337019 prime?
True
Is 3067687 a composite number?
True
Is 110518517 a prime number?
False
Is 41406661 prime?
True
Is 318293471 prime?
True
Is 18321653 prime?
False
Is 6350891 a composite number?
False
Is 87619 composite?
True
Is 72254957 prime?
True
Is 183670781 composite?
True
Is 1707467 a composite number?
False
Is 256867687 composite?
True
Is 4225189 prime?
True
Is 26741843 a prime number?
True
Is 752655433 composite?
True
Is 28792411 composite?
False
Is 620393 prime?
True
Is 89582651 composite?
False
Is 987697 prime?
True
Is 953661 a prime number?
False
Is 67042199 composite?
True
Is 29599637 prime?
False
Is 3664961 composite?
True
Is 3075067 prime?
False
Is 34949879 a prime number?
True
Is 277004431 a composite number?
True
Is 20557813 a prime number?
True
Is 13944013 composite?
False
Is 26832403 a composite number?
True
Is 6286045 prime?
False
Is 136397671 prime?
True
Is 10507813 a composite number?
False
Is 38122657 a composite number?
False
Is 7462799 a prime number?
True
Is 5807687 prime?
False
Is 3549571 a composite number?
True
Is 11113807 a composite number?
True
Is 56011729 a composite number?
False
Is 41034662 prime?
False
Is 1712833 composite?
True
Is 64210039 composite?
False
Is 513397673 composite?
False
Is 4094065 composite?
True
Is 2304089 a composite number?
False
Is 5887153 composite?
False
Is 4738141 a composite number?
False
Is 7859541 a prime number?
False
Is 5542309 composite?
False
Is 1123477 a prime number?
True
Is 74662201 prime?
True
Is 5818637 a prime number?
False
Is 207313 prime?
False
Is 3873457 a composite number?
True
Is 73908829 a composite number?
False
Is 257945273 composite?
True
Is 9378393 prime?
False
Is 68726741 prime?
False
Is 41423327 composite?
True
Is 11039037 a prime number?
False
Is 3347635 composite?
True
Is 94360615 a prime number?
False
Is 558863 a composite number?
False
Is 270493159 prime?
False
Is 20815007 composite?
False
Is 669299987 prime?
True
Is 5128489 a composite number?
False
Is 2710439 composite?
False
Is 5976007 prime?
True
Is 15067439 a prime number?
False
Is 195487477 prime?
True
Is 302329 prime?
True
Is 985151 composite?
False
Is 1073243773 a prime number?
False
Is 505463297 composite?
True
Is 5268751 prime?
False
Is 12302929 prime?
False
Is 29015029 composite?
True
Is 36709 a composite number?
False
Is 188927 a composite number?
False
Is 22476707 a prime number?
False
Is 2551265 a composite number?
True
Is 99029771 composite?
True
Is 32832043 a prime number?
True
Is 66467287 composite?
True
Is 1081037 a composite number?
False
Is 1172033 prime?
False
Is 11838067 prime?
True
Is 11667379 composite?
True
Is 4737651 a prime number?
False
Is 1110569 a composite number?
True
Is 2041033 a prime number?
True
Is 9184759 a prime number?
True
Is 28080511 a composite number?
False
Is 1141601 composite?
True
Is 7513237 prime?
False
Is 600823 prime?
True
Is 3163429 a composite number?
True
Is 2492291 a prime number?
False
Is 1818197 prime?
False
Is 21672221 a prime number?
True
Is 495767359 prime?
False
Is 7050579 a prime number?
False
Is 2165011 a composite number?
True
Is 37743779 prime?
True
Is 156060077 composite?
False
Is 1589929 a composite number?
True
Is 11576977 composite?
True
Is 546034777 prime?
False
Is 24791821 a composite number?
False
Is 555209 a composite number?
False
Is 8592743 prime?
True
Is 37321 a composite number?
False
Is 182108099 a composite number?
True
Is 52735531 composite?
True
Is 147116603 a prime number?
False
Is 2089613 prime?
True
Is 1386599 prime?
False
Is 594407 prime?
False
Is 11487667 composite?
True
Is 78024301 a composite number?
True
Is 35110821 a composite number?
True
Is 12251615 a composite number?
True
Is 9767309 a composite number?
True
Is 627311 a prime number?
False
Is 11621 prime?
True
Is 58253941 composite?
False
Is 716739701 a composite number?
False
Is 26378531 a prime number?
True
Is 2749337 a composite number?
True
Is 353621 prime?
True
Is 12328543 composite?
False
Is 177424277 prime?
False
Is 84358619 prime?
True
Is 5722859 composite?
False
Is 25052179 a composite number?
True
Is 493083067 a composite number?
False
Is 1042277 composite?
True
Is 737797 a prime number?
True
Is 5857249 composite?
True
Is 965551 a composite number?
False
Is 4275689 prime?
False
Is 111965057 a composite number?
False
Is 738269 prime?
False
Is 21035867 composite?
False
Is 40744139 prime?
True
Is 131294 a composite number?
True
Is 9888443 a composite number?
False
Is 1833299 composite?
True
Is 12123019 a prime number?
True
Is 2363741 composite?
False
Is 2649677 a composite number?
False
Is 4712606 composite?
True
Is 7089457 a prime number?
False
Is 12045661 composite?
False
Is 1686283 prime?
False
Is 162610261 prime?
False
Is 6961307 composite?
True
Is 597235 a composite number?
True
Is 3800158 composite?
True
Is 1278527 a prime number?
True
Is 94694423 a composite number?
True
Is 17578285 a composite number?
True
Is 171484237 a prime number?
False
Is 37541261 composite?
False
Is 193858726 composite?
True
Is 5887633 a composite number?
True
Is 48031567 a composite number?
True
Is 16284271 a composite number?
True
Is 200474 a composite number?
True
Is 1505033 a composite number?
False
Is 18636421 a composite number?
False
Is 19412347 prime?
False
Is 97642999 composite?
False
Is 1487191 a prime number?
True
Is 11432557 prime?
True
Is 11757719 a composite number?
False
Is 143785547 prime?
True
Is 268150801 a prime number?
False
Is 2789393 prime?
False
Is 4772447 a prime number?
False
Is 75150587 composite?
False
Is 51337309 a prime number?
True
Is 107281 a composite number?
True
Is 65920031 composite?
False
Is 1379782 prime?
False
Is 4667291 a composite number?
True
Is 249968987 a prime number?
True
Is 140037221 a composite number?
False
Is 65735785 composite?
True
Is 10020557 prime?
False
Is 18636203 a prime number?
True
Is 409517477 composite?
True
Is 96039523 a composite number?
True
Is 1559759 composite?
False
Is 127522399 a prime number?
False
Is 166750391 prime?
False
Is 19276849 a prime number?
False
Is 138246361 composite?
True
Is 115967671 composite?
True
Is 251100901 composite?
True
Is 45174061 a prime number?
True
Is 14553991 a prime number?
False
Is 3077251 a prime number?
True
Is 77592389 a composite number?
True
Is 1459855 a prime number?
False
Is 1691681 a prime number?
True
Is 11187681 prime?
False
Is 58239889 composite?
False
Is 15528733 a composite number?
True
Is 505600255 composite?
True
Is 330532591 a prime number?
True
Is 90394211 a composite number?
True
Is 3079759 prime?
True
Is 933443 prime?
False
Is 5917163 a prime number?
False
Is 68362231 a prime number?
False
Is 1053917 composite?
True
Is 39475565 a composite number?
True
Is 1614553 a prime number?
True
Is 509885803 prime?
False
Is 143642117 a composite number?
True
Is 33529 a composite number?
False
Is 40693 a prime number?
True
Is 824613 a prime number?
False
Is 1599803 a composite number?
False
Is 15458579 composite?
False
Is 16667213 a composite number?
True
Is 1666151 composite?
False
Is 13867543 a prime number?
False
Is 143154767 prime?
False
Is 700171 a composite number?
False
Is 76793797 a composite number?
False
Is 125737 prime?
True
Is 6760207 composite?
True
Is 2297489 composite?
True
Is 4780543 composite?
False
Is 199865359 a prime number?
False
Is 5576647 a prime number?
True
Is 4723517 prime?
True
Is 19617449 prime?
True
Is 70109647 a prime number?
True
Is 29328997 a prime number?
True
Is 1761521 a prime numbe